t y(c) = -3*c**2 - 205*c + 206. Calculate y(1).
-2
Let q(s) = -2*s**2 - 69*s + 206. Determine q(-37).
21
Let s(p) = -p**3 - 230*p**2 + 924*p - 2803. Determine s(-234).
5
Let f(z) = z**2 - 43*z + 483. What is f(25)?
33
Let q(c) = 11*c**3 + 4*c**2 - 2*c - 2. Give q(-3).
-257
Let v(u) = 9*u**3 - 586*u**2 + 67*u - 132. Determine v(65).
-2
Let g(x) = 4058*x + 85214. Determine g(-21).
-4
Let c(f) = f**3 - 121*f**2 - 430*f + 278. Determine c(-4).
-2
Let a(r) = 34*r**2 + 144*r + 125. Determine a(-3).
-1
Let q(i) = -3*i**3 - 5*i**2 - 38*i + 209. Give q(5).
-481
Let d(k) = -3*k**2 + 28*k - 145. Give d(6).
-85
Let j(q) = -117*q**2 + 1872*q + 2. Determine j(16).
2
Let k(y) = -y + 163. What is k(47)?
116
Let t(w) = -5*w**2 - 303*w + 123. Calculate t(-61).
1
Let t(x) = -9*x + 87. What is t(9)?
6
Let b(o) = 57*o + 2239. Calculate b(-40).
-41
Let k(g) = 8*g**3 - 7*g**2 + 140*g + 149. Determine k(-1).
-6
Let l(c) = -28*c - 1714. Calculate l(-62).
22
Let i(v) = -188*v + 5847. Calculate i(31).
19
Let p(z) = -59*z + 23. Calculate p(2).
-95
Let a(c) = 5*c - 29. What is a(4)?
-9
Let m(i) = 418*i + 2490. Give m(-7).
-436
Let f(u) = -52*u + 1536. Determine f(30).
-24
Let k(j) = 7*j + 74. What is k(-11)?
-3
Let u(c) = -c**2 - 78*c + 775. Calculate u(9).
-8
Let i(m) = 2*m**3 + 10*m**2 - 90*m - 440. Calculate i(-6).
28
Let q(i) = 281*i - 7588. What is q(27)?
-1
Let a(u) = u**3 - 24*u**2 - 26*u - 188. What is a(25)?
-213
Let z(h) = -4*h**3 + 3*h**2 + 4*h - 5. Calculate z(1).
-2
Let l(a) = a**2 + 37*a + 171. Give l(-6).
-15
Let j(w) = -2*w - 77. Determine j(12).
-101
Let s(j) = -j**2 + 10*j + 54. Give s(20).
-146
Let m(g) = 175*g + 851. Give m(-5).
-24
Let l(z) = z**2 - 4*z - 24. Calculate l(-5).
21
Let b(u) = -2*u**3 + 38*u**2 + 180*u + 56. Calculate b(23).
-36
Let p(o) = -2*o**2 - 2*o + 79. Give p(-10).
-101
Let u(o) = o**2 + 102*o - 753. Calculate u(-109).
10
Let r(t) = -4*t**3 + t**2 - 2*t + 10. What is r(4)?
-238
Let x(f) = -2*f**2 + 118*f - 531. Determine x(54).
9
Let d(v) = -87*v - 740. Give d(-12).
304
Let k(f) = f**3 + 7*f**2 + 869*f + 4298. Calculate k(-5).
3
Let c(g) = 20*g**2 + 133*g - 44. Determine c(-7).
5
Let y(r) = 3*r**2 - 3. Determine y(-4).
45
Let f(j) = -4*j**3 + 3*j**2 - 4*j + 12. What is f(3)?
-81
Let s(y) = 2*y**2 + 98*y - 77. Give s(-49).
-77
Let k(r) = -18*r**2 + 78*r + 21. Give k(5).
-39
Let c(w) = -2*w**2 - 108*w - 865. What is c(-9)?
-55
Let z(l) = -2*l**3 + 11*l**2 + 548*l + 26. Give z(-14).
-2
Let j(r) = r**3 - 120*r**2 + 172*r - 6334. Calculate j(119).
-27
Let a(q) = -4*q**2 - 53*q + 114. Calculate a(-14).
72
Let k(r) = -2*r**2 - 95*r + 200. Give k(-50).
-50
Let m(p) = 2*p**2 - 831*p - 9377. Give m(-11).
6
Let x(i) = -31*i - 136. Determine x(-11).
205
Let r(l) = 5*l**3 - 3*l**2 + 52*l + 152. Give r(-3).
-166
Let d(h) = 18*h - 80. Give d(20).
280
Let i(f) = -f**2 + 27*f + 92. Determine i(-4).
-32
Let c(r) = r**3 - 86*r**2 - 44*r - 3754. Determine c(87).
-13
Let c(y) = 96*y - 1305. What is c(13)?
-57
Let p(w) = 12*w + 1258. Determine p(-104).
10
Let d(s) = -458*s**2 + 520*s - 2. Calculate d(1).
60
Let k(y) = 2*y**3 + 14*y**2 - 121*y + 2. Determine k(5).
-3
Let z(p) = 3*p**3 + 37*p**2 + 13*p - 10. Give z(-12).
-22
Let z(w) = w**3 + 3*w**2 + 15*w + 162. Calculate z(-7).
-139
Let s(h) = -43*h + 18. Calculate s(1).
-25
Let f(d) = 63*d**2 - 1132*d - 18. What is f(18)?
18
Let h(l) = 82*l - 1821. What is h(22)?
-17
Let c(o) = o**3 - 28*o**2 - 213*o - 241. Give c(-5).
-1
Let p(t) = t**2 + 5*t - 88. Calculate p(-18).
146
Let o(l) = -l - 99. What is o(0)?
-99
Let o(k) = k**2 - 582*k + 72587. Determine o(181).
6
Let z(p) = -p**2 + 43*p + 102. Determine z(-2).
12
Let g(u) = -u**2 + 2*u + 24. What is g(7)?
-11
Let j(n) = -68682*n - 618139. Give j(-9).
-1
Let p(x) = -9*x**3 + 91*x**2 + 3*x - 177. Calculate p(10).
-47
Let l(j) = -232*j - 4186. Give l(-18).
-10
Let j(k) = 7*k - 183. Give j(25).
-8
Let h(b) = -2*b**2 - 36*b - 195. Calculate h(-9).
-33
Let z(q) = 11*q**2 + 278*q + 1409. Determine z(-7).
2
Let t(x) = x**2 + 840*x + 2513. Calculate t(-3).
2
Let g(q) = -q**3 + 13*q**2 - 17*q + 60. Calculate g(12).
0
Let q(b) = -357*b + 682. Determine q(2).
-32
Let c(d) = -7*d**3 + 3*d**2 + 5*d - 11. Determine c(2).
-45
Let q(w) = 272*w**3 + w**2 + 2*w - 2. Calculate q(1).
273
Let u(t) = 31*t**2 + 169*t + 485. Calculate u(-3).
257
Let u(m) = -m**3 + 53*m**2 - 25. Determine u(53).
-25
Let f(l) = -l**3 - l**2 + 325*l - 943. Calculate f(3).
-4
Let w(l) = -227*l - 3169. Give w(-14).
9
Let o(z) = 93*z - 440. Give o(5).
25
Let h(a) = -45*a + 635. Give h(10).
185
Let m(q) = 7*q**3 + 51*q**2 + 20*q + 49. Calculate m(-6).
253
Let x(a) = -10*a + 1460. Calculate x(139).
70
Let s(q) = 130*q + 348. Determine s(-8).
-692
Let r(y) = y**2 + 257*y - 2658. Determine r(10).
12
Let o(g) = 18*g + 622. Calculate o(-35).
-8
Let n(z) = -z**3 + 85*z**2 + 547*z - 89. Determine n(91).
2
Let m(u) = 28*u**2 + 299*u + 4. What is m(-11)?
103
Let j(l) = l**3 + 37*l**2 + 51*l - 38. Determine j(-36).
-578
Let p(l) = l**3 - 55*l**2 - 255*l + 1129. What is p(59)?
8
Let m(n) = 2*n**3 - 12*n**2 - 15. Determine m(6).
-15
Let c(i) = i**3 + 31*i**2 + 278*i + 943. Calculate c(-19).
-7
Let z(a) = -125*a + 389. What is z(3)?
14
Let d(p) = -978*p - 53786. Determine d(-55).
4
Let l(c) = 17*c + 25. Give l(0).
25
Let r(u) = u**2 - 6*u - 12. What is r(-3)?
15
Let q(f) = -4*f**3 + 447*f**2 + 109*f + 362. Determine q(112).
26
Let m(j) = 24*j**3 - j**2 - j + 2. What is m(-2)?
-192
Let z(n) = 12*n**2 - 140*n - 16. Give z(12).
32
Let f(k) = -k**2 - 9*k + 261. Determine f(11).
41
Let p(j) = j**2 + 4*j - 10. Calculate p(5).
35
Let m(s) = 15*s - 96. Determine m(7).
9
Let y(o) = -76*o**2 - 241*o - 45. What is y(-3)?
-6
Let l(u) = 3*u**2 - 129*u + 1697. Give l(16).
401
Let b(y) = y**3 - 26*y**2 + 122*y - 47. Determine b(20).
-7
Let m(c) = 2*c**3 + 14*c - 19. Determine m(-5).
-339
Let m(s) = -328*s**2 - 9512*s + 2. Give m(-29).
2
Let m(x) = 9*x + 307. What is m(-25)?
82
Let r(n) = -83*n + 503. Calculate r(6).
5
Let g(l) = 85*l**2 + 2*l - 3. Determine g(1).
84
Let d(r) = r**2 + r - 140. Determine d(11).
-8
Let s(w) = w**3 - 24*w**2 + 126*w - 5. What is s(7)?
44
Let u(q) = -103*q + 263. Determine u(0).
263
Let v(o) = -o**3 + 19*o**2 - 79*o + 31. Give v(13).
18
Let c(d) = -57*d + 689. Give c(13).
-52
Let c(w) = 1021*w + 7145. What is c(-7)?
-2
Let a(t) = -1037*t - 5196. Calculate a(-5).
-11
Let s(w) = 500*w - 1731. Determine s(4).
269
Let d(p) = -36*p + 16. Give d(-3).
124
Let y(g) = -225*g + 1368. Determine y(6).
18
Let d(p) = -237*p + 2832. Give d(12).
-12
Let b(n) = -11*n**3 + 5*n**2 + 4*n + 1. Calculate b(-1).
13
Let h(z) = z**2 + 1746*z + 6964. Calculate h(-4).
-4
Let i(u) = u**3 + 2*u**2 - 86*u + 26. Give i(8).
-22
Let h(j) = j**3 + 9*j**2 + 68*j + 1032. Give h(-11).
42
Let p(l) = 7498*l + 37485. Determine p(-5).
-5
Let g(r) = -r**3 - 13*r**2 - 11*r - 153. Determine g(-13).
-10
Let p(c) = -7*c**2 - 24*c + 17. Determine p(-4).
1
Let d(h) = h**2 + 41*h - 499. Determine d(10).
11
Let b(h) = 3*h**3 + h**2 - 40*h + 108. Give b(3).
78
Let n(h) = -h**3 - 41*h**2 - 7*h - 250. Calculate n(-41).
37
Let p(w) = -239*w - 16711. Determine p(-70).
19
Let k(r) = 100*r + 5308. Give k(-54).
-92
Let q(n) = -1147*n - 21794. What is q(-19)?
-1
Let n(b) = -b**3 + 13*b**2 + 125*b - 154. Determine n(19).
55
Let m(i) = 337*i**3 - 5*i**2 - 4*i + 1. Determine m(-1).
-337
Let t(y) = -y**3 + 16*y**2 - 21*y - 2. Give t(2).
12
Let d(k) = -132*k - 1448. Determine d(-11).
4
Let n(u) = -2*u**3 + 55*u**2 - 108*u + 49. Calculate n(25).
474
Let o(f) = -485*f + 3440. Give o(7).
45
Let z(i) = -3*i**2 - 35*i + 2. Calculate z(-16).
-206
Let i(o) = o**2 + 31*o - 101. Give i(3).
1
Let c(s) = -4*s**2 + 14*s + 184. What is c(9)?
-14
Let n(v) = 25*v - 503. Calculate n(24).
97
Let y(d) = 683*d + 4090. What is y(-6)?
-8
Let f(g) = 14*g - 63. Give f(-12).
-231
Let g(t) = -t**3 - t**2 + 6*t + 61. Determine g(0).
61
Let c(v) = -v**3 - 8*v**2 - 31*v. What is c(-3)?
48
Let x(f) = 1729*f + 3426. What is x(-2)?
-32
Let i(m) = m**3 - 2*m**2 - 255*m + 258. What is i(1)?
2
Let p(w) = w**2 + 35*w - 351. Give p(-42).
-57
Let d(x) = -7*x**2 - 2*x + 131. Determine d(6).
-133
Let t(z) = z**2 - 72*z + 738. Determine t(12).
18
Let g(x) = x**2 + 35*x + 662. Give g(-39).
818
Let z(